5, 139
Suppose p - 23 = 4*q, p + 2*p + 1 = -2*q. Suppose -m + 949 = p*g, -m + 0*m = -g + 323. List the prime factors of g.
2, 3, 53
Let c(x) = x - 6. Let u = 12 + -10. Suppose -3*d - 5*b = -29, 48 = 4*d + u*b + 14. List the prime factors of c(d).
2
What are the prime factors of (-12)/42*-1 - 10134/(-7)?
2, 181
Suppose -2*h = -z - 4, h + 2 = -4*z + 13. Suppose 2*q = 7 + h, 0 = -5*f + 2*q + 1130. List the prime factors of f.
2, 3, 19
Let j(x) = 2*x**2 + 10*x - 2. Suppose 0 = 3*h + 8 + 10. Let g be j(h). List the prime factors of (-5)/g - (-52)/8.
2, 3
Suppose -u + 2 + 10 = 0. Let v = u + 21. List the prime factors of v.
3, 11
Let f = -5 - -5. Suppose f = -0*w + 2*w + 70. What are the prime factors of (-4)/(-7) - 505/w?
3, 5
Let s(l) = -l**3 + 8*l**2 - l + 11. Let m(i) = i**3 - 7*i**2 + 8*i - 4. Let t be m(6). Let g be s(t). Let j = g + 15. List the prime factors of j.
2, 3
Let k(b) be the first derivative of 6*b**3 - b - 2. Let j be k(2). Suppose -5*y + 49 + j = 0. What are the prime factors of y?
2, 3
Let g(m) = -3*m + 17. Let r be g(-11). Let q = r + -13. List the prime factors of q.
37
Let s = -9 - -10. Suppose -3 = -h + s. Suppose 0*p + h*p - 100 = 0. What are the prime factors of p?
5
Let n = -2619 + 3869. Suppose -f = -5*f + 3*x + n, -f + 4*x + 319 = 0. List the prime factors of f.
311
Let g = -2 + 6. Suppose n - 105 = -g*n. List the prime factors of n.
3, 7
Let p(b) = -5*b - 25. Let i be p(-6). Let q(z) = 8*z + 18. What are the prime factors of q(i)?
2, 29
Suppose 2*o + 584 = f, -12 - 3 = -5*o. List the prime factors of f.
2, 5, 59
Let v = 123 - 83. Suppose -4*o - 10 = -30. Suppose 2*a - v = -o*c - 7, -84 = -4*a - 4*c. What are the prime factors of a?
2, 3
Let n = 1057 + -341. List the prime factors of n.
2, 179
Suppose 3*w = -4*s + 9 - 1, -2*w + s = 2. Suppose -9*g - g + 660 = w. List the prime factors of g.
2, 3, 11
Let t be 33418/132 - ((-10)/12 - -1). Suppose 0 = 22*p - 11*p - t. What are the prime factors of p?
23
Let t(w) = w + 3. Let l be t(-5). Let z(j) = -6*j**2 + 4*j - 1. Let r(s) = s. Let a(y) = 3*r(y) - z(y). What are the prime factors of a(l)?
3
Suppose -h - h = -4*j + 32, 3*h + 30 = 3*j. Let d be -9*(-2)/(j + 0). Suppose d*b - u - 183 = -12, 2*b - u = 114. What are the prime factors of b?
3, 19
Let r(z) = z**3 - 2*z**2 - 6*z + 9. Let n be r(3). Suppose n = 5*h - h - 3*y - 16, -5*h + 5*y + 20 = 0. List the prime factors of h.
2
Let x be (-1 + (-8)/1)/((-2)/26). Let g = 224 - x. List the prime factors of g.
107
Suppose -5920 = -66*g + 80870. List the prime factors of g.
5, 263
List the prime factors of 2/(-11) - (-82320)/220.
2, 11, 17
Suppose 0 = 4*v + 5*k - 13426, -6*v - 5*k = -11*v + 16805. What are the prime factors of v?
3359
Suppose -5*v - 60 = -q, 5*q + 10*v - 5*v = 150. List the prime factors of q.
5, 7
Let z = 6 - -3. Let c = z - -17. What are the prime factors of c?
2, 13
Let b = -194 - -516. Suppose 3*n - b = 2*s, 2*s + 4 = -0. What are the prime factors of n?
2, 53
Suppose 2*g = g + 20. Let d = g - 15. Suppose n - 4*a + 2 = 70, 0 = -d*n - 3*a + 271. What are the prime factors of n?
2, 7
Suppose -13*f + 10*f = -4*z - 4303, 5*z = 10. What are the prime factors of f?
3, 479
What are the prime factors of 1*((-2)/(-4))/(4/8312)?
1039
What are the prime factors of 1/(-8 + 57897/7236)?
2, 3, 67
Let r(f) = f**3 + 3*f - 1. Suppose 4*d - 35 = 4*v - 7, 1 = 3*d + v. What are the prime factors of r(d)?
13
Let w be (-6)/3*-2 - -170. Let i = w + -102. List the prime factors of i.
2, 3
List the prime factors of (-2)/(-3)*((-6357)/(-6) - 8).
701
Suppose 5*t - 86 = 19. Let z = -40 + t. List the prime factors of (-4)/(-2) - z - -1.
2, 11
What are the prime factors of (-1)/(-3) - 25208/(-138)?
3, 61
Let y(d) = 3*d. Let w be y(5). Let i be w/((15/(-6))/(-5)). Suppose -z + i = -0*z. What are the prime factors of z?
2, 3, 5
Let v = 1578 + -975. List the prime factors of v.
3, 67
Let o = 4 - -275. Let p = o + -159. What are the prime factors of p?
2, 3, 5
Let v be (32/(-5))/((-3)/165). Suppose 7*q + v = 9*q. Suppose 3*p - 159 = -3*t, -4*t = 3*p - 37 - q. What are the prime factors of t?
2, 3
Let q = -96 - -197. What are the prime factors of q?
101
What are the prime factors of 107023/91 + 3/(-39)?
2, 3, 7
List the prime factors of 13371/6 + (-12)/(-24).
3, 743
Let b(s) = s**2 - 14*s - 10. Let h be (57/(-18) - 0)*2*-3. What are the prime factors of b(h)?
5, 17
List the prime factors of (4948/(-4))/(-1) - (15 - 9).
1231
Suppose 0 = -0*y + 9*y - 2700. What are the prime factors of y?
2, 3, 5
Let t(n) = -n**3 + 3*n**2 - 2 + 2*n + 0 + 0*n**3 - 2. Let v be (1 - 1) + (-3 - 0). List the prime factors of t(v).
2, 11
Suppose 4*i - 8868 = -2*c, 22134 = -5*c + 10*c - 2*i. What are the prime factors of c?
2, 3, 41
Let w = -7 + 9. Let x be (-1)/w - 82/4. Let v = 11 - x. What are the prime factors of v?
2
Suppose 4*v - c - 7730 = 4*c, -7722 = -4*v + c. What are the prime factors of v?
2, 5, 193
Let u(z) = -9*z + 3. Let r be u(-16). Let b = r + -62. List the prime factors of b.
5, 17
Let v(h) = -h**2 - 25*h + 24. List the prime factors of v(-16).
2, 3, 7
Suppose 0 = -4*y + 245 + 443. Let v be 4/(y/(-60) - -3). List the prime factors of 4/10 + 558/v.
19
Suppose -2*z - 435 - 805 = 0. Let c(t) = 35*t - 1. Let h be c(-1). What are the prime factors of z/h - 2/9?
17
Let i = -56 - -3322. List the prime factors of i.
2, 23, 71
Let r = 871 + -457. Suppose -12*t + r = -6*t. List the prime factors of t.
3, 23
Let w be (-10)/(-15) - (-1132)/3. List the prime factors of w/3 - (5 + -3).
2, 31
Let c(z) = -9*z**2 + 324*z + 33. List the prime factors of c(30).
3, 19, 29
Let p = -2 - -7. Let a(x) = -p - 6*x**2 + 3*x + 2*x**2 + x**2 + x**3 - 4*x**2. What are the prime factors of a(7)?
2
Let x(d) = d**2 - 8*d + 1. Let z be x(16). Suppose -z = -5*b - 2*w, -3*b - 5*w = -51 - 15. What are the prime factors of b?
3
Let d be 21 + 28/21*(-6)/4. Suppose b + 3*o - 29 = 0, 2*b - 2*o = -1 + d. What are the prime factors of b?
2, 7
Suppose 8*n = 5*n + 405. Suppose -5*f + x + n = -36, 69 = 2*f - x. List the prime factors of f.
2, 17
Let g(m) = 2*m**2 - 43*m + 7. Let b be g(20). Let y = 53 - b. List the prime factors of y.
2, 53
Suppose 0 = -2*k + 7*g - 12*g + 8802, -5*g + 4391 = k. What are the prime factors of k?
11, 401
Suppose -5*n + 3*w = -1356, -5*n - 5*w - 158 = -1538. Suppose -3*z + 4*z - n = 0. What are the prime factors of z?
3, 7, 13
Suppose 4 = 4*j + s + 1, -3*j + 3*s = -6. Let t(d) = 57*d**3 + d**2 - d + 1. List the prime factors of t(j).
2, 29
Let s(o) = o**3 - o**2 - o + 2. Suppose -4*t + t = 0. Let b be s(t). List the prime factors of 22 + 3/(3/b).
2, 3
Let q = 1147 - 654. List the prime factors of q.
17, 29
Suppose 4*v + 4 = 6*v. Suppose 3*u + 3 = -9, 54 = v*y + u. List the prime factors of y.
29
Suppose w + b = 6*w - 109, 2*w - 3*b - 54 = 0. Let j = w + -13. List the prime factors of j.
2
Let p(y) = -2*y**2 + y. Let q be p(2). What are the prime factors of 328/q*(-6)/4?
2, 41
Suppose -2*o + 16 = -4*t, -4*t - 2*o = -2*t + 8. Let i be (3/t)/((-3)/24). Suppose 2*j - 3*k - 52 = 0, -i = -j + 5*k + 13. What are the prime factors of j?
29
Suppose 501 = 4*l - 2*l + f, -4*l - 3*f = -997. List the prime factors of l.
11, 23
Suppose 4*q - 3*j - 22 = 0, -4*q - 2*j + 6*j + 24 = 0. Suppose l = -q*l + 175. What are the prime factors of l/15 + 1/(-3)?
2
Suppose -2*w = -19 - 5. Let n be (6/4)/(9/w). Let s = 2 + n. List the prime factors of s.
2
Let n(v) = 5*v**2 + v - 103. Let b be n(0). Let c = b - -224. List the prime factors of c.
11
Suppose 250 = u + 123. What are the prime factors of u?
127
Suppose -5*g + 291 = -4*f + 56, 3*g + 4*f - 173 = 0. Let q = -11 + g. Suppose -b + q = b. What are the prime factors of b?
2, 5
Suppose -o + 5*o - 12 = 0. Suppose 0 = -3*m + 5*z + 911, o*m + 3*z + 127 = 1006. What are the prime factors of m?
3, 11
Let s(r) = 77*r + 56. What are the prime factors of s(10)?
2, 7, 59
Let z(r) = -49*r + 3. Let b be z(-3). Suppose -2*h = h - b. Suppose l - h = -3*d + 20, -5*l = 5*d - 110. What are the prime factors of d?
2, 3
Suppose t - 1020 = -3*t. Suppose -5*l + t = 3*r, -25 = -8*r + 3*r. What are the prime factors of l?
2, 3
Let t(i) = 74*i**2 + 5*i - 16. What are the prime factors of t(-5)?
3, 67
Let o be 0/(3/(12/(-8))). Suppose o = 5*l - l + 16. Let f(x